{"id":76,"date":"2024-01-05T21:26:36","date_gmt":"2024-01-05T21:26:36","guid":{"rendered":"https:\/\/ejecutips.com\/blog\/?page_id=76"},"modified":"2024-01-16T20:08:00","modified_gmt":"2024-01-16T20:08:00","slug":"domina-el-buen-uso-y-manejo-de-plaguicidas-de-uso-agricola","status":"publish","type":"page","link":"https:\/\/ejecutips.com\/blog\/domina-el-buen-uso-y-manejo-de-plaguicidas-de-uso-agricola\/","title":{"rendered":"Domina el Buen Uso y Manejo de Plaguicidas de Uso Agr\u00edcola"},"content":{"rendered":"\t\t<div data-elementor-type=\"wp-page\" data-elementor-id=\"76\" class=\"elementor elementor-76\">\n\t\t\t\t<div class=\"elementor-element elementor-element-54b5568 e-flex e-con-boxed e-con e-parent\" data-id=\"54b5568\" data-element_type=\"container\" data-e-type=\"container\">\n\t\t\t\t\t<div class=\"e-con-inner\">\n\t\t\t\t<div class=\"elementor-element elementor-element-b053e1c elementor-widget elementor-widget-image\" data-id=\"b053e1c\" data-element_type=\"widget\" data-e-type=\"widget\" data-widget_type=\"image.default\">\n\t\t\t\t<div class=\"elementor-widget-container\">\n\t\t\t\t\t\t\t\t\t\t\t\t\t\t\t<img fetchpriority=\"high\" decoding=\"async\" width=\"790\" height=\"444\" src=\"https:\/\/i0.wp.com\/ejecutips.com\/blog\/wp-content\/uploads\/2024\/01\/Porque-aprender-BUMP.png?fit=790%2C444&amp;ssl=1\" class=\"attachment-large size-large wp-image-79\" alt=\"\" srcset=\"https:\/\/i0.wp.com\/ejecutips.com\/blog\/wp-content\/uploads\/2024\/01\/Porque-aprender-BUMP.png?w=1920&amp;ssl=1 1920w, https:\/\/i0.wp.com\/ejecutips.com\/blog\/wp-content\/uploads\/2024\/01\/Porque-aprender-BUMP.png?resize=300%2C169&amp;ssl=1 300w, https:\/\/i0.wp.com\/ejecutips.com\/blog\/wp-content\/uploads\/2024\/01\/Porque-aprender-BUMP.png?resize=1024%2C576&amp;ssl=1 1024w, https:\/\/i0.wp.com\/ejecutips.com\/blog\/wp-content\/uploads\/2024\/01\/Porque-aprender-BUMP.png?resize=768%2C432&amp;ssl=1 768w, https:\/\/i0.wp.com\/ejecutips.com\/blog\/wp-content\/uploads\/2024\/01\/Porque-aprender-BUMP.png?resize=1536%2C864&amp;ssl=1 1536w\" sizes=\"(max-width: 790px) 100vw, 790px\" \/>\t\t\t\t\t\t\t\t\t\t\t\t\t\t\t<\/div>\n\t\t\t\t<\/div>\n\t\t\t\t\t<\/div>\n\t\t\t\t<\/div>\n\t\t<div class=\"elementor-element elementor-element-caf4c39 e-flex e-con-boxed e-con e-parent\" data-id=\"caf4c39\" data-element_type=\"container\" data-e-type=\"container\" data-settings=\"{&quot;background_background&quot;:&quot;classic&quot;}\">\n\t\t\t\t\t<div class=\"e-con-inner\">\n\t\t\t\t<div class=\"elementor-element elementor-element-0a9e3f8 elementor-widget elementor-widget-heading\" data-id=\"0a9e3f8\" data-element_type=\"widget\" data-e-type=\"widget\" data-widget_type=\"heading.default\">\n\t\t\t\t<div class=\"elementor-widget-container\">\n\t\t\t\t\t<h2 class=\"elementor-heading-title elementor-size-default\">Curso de Buen Uso y Manejo de Plaguicidas<\/h2>\t\t\t\t<\/div>\n\t\t\t\t<\/div>\n\t\t\t\t\t<\/div>\n\t\t\t\t<\/div>\n\t\t<div class=\"elementor-element elementor-element-d078444 e-flex e-con-boxed e-con e-parent\" data-id=\"d078444\" data-element_type=\"container\" data-e-type=\"container\">\n\t\t\t\t\t<div class=\"e-con-inner\">\n\t\t\t\t<div class=\"elementor-element elementor-element-365543e elementor-align-center elementor-widget elementor-widget-button\" data-id=\"365543e\" data-element_type=\"widget\" data-e-type=\"widget\" data-widget_type=\"button.default\">\n\t\t\t\t<div class=\"elementor-widget-container\">\n\t\t\t\t\t\t\t\t\t<div class=\"elementor-button-wrapper\">\n\t\t\t\t\t<a class=\"elementor-button elementor-button-link elementor-size-sm\" href=\"https:\/\/ejecutips.com\/academia\/course\/view.php?id=4\">\n\t\t\t\t\t\t<span class=\"elementor-button-content-wrapper\">\n\t\t\t\t\t\t\t\t\t<span class=\"elementor-button-text\">Inscr\u00edbete ahora<\/span>\n\t\t\t\t\t<\/span>\n\t\t\t\t\t<\/a>\n\t\t\t\t<\/div>\n\t\t\t\t\t\t\t\t<\/div>\n\t\t\t\t<\/div>\n\t\t\t\t<div class=\"elementor-element elementor-element-78bc1db elementor-widget elementor-widget-heading\" data-id=\"78bc1db\" data-element_type=\"widget\" data-e-type=\"widget\" data-widget_type=\"heading.default\">\n\t\t\t\t<div class=\"elementor-widget-container\">\n\t\t\t\t\t<h2 class=\"elementor-heading-title elementor-size-default\">Sin costo<\/h2>\t\t\t\t<\/div>\n\t\t\t\t<\/div>\n\t\t\t\t<div class=\"elementor-element elementor-element-d978d9f elementor-widget elementor-widget-text-editor\" data-id=\"d978d9f\" data-element_type=\"widget\" data-e-type=\"widget\" data-widget_type=\"text-editor.default\">\n\t\t\t\t<div class=\"elementor-widget-container\">\n\t\t\t\t\t\t\t\t\t<p>Aprende con expertos, asegura la seguridad y eficacia en tu campo y en las recomendaciones al momento de comercializar plaguicidas<\/p>\t\t\t\t\t\t\t\t<\/div>\n\t\t\t\t<\/div>\n\t\t\t\t\t<\/div>\n\t\t\t\t<\/div>\n\t\t<div class=\"elementor-element elementor-element-5a1be2e e-flex e-con-boxed e-con e-parent\" data-id=\"5a1be2e\" data-element_type=\"container\" data-e-type=\"container\">\n\t\t\t\t\t<div class=\"e-con-inner\">\n\t\t\t\t<div class=\"elementor-element elementor-element-ef8e311 elementor-widget elementor-widget-text-editor\" data-id=\"ef8e311\" data-element_type=\"widget\" data-e-type=\"widget\" data-widget_type=\"text-editor.default\">\n\t\t\t\t<div class=\"elementor-widget-container\">\n\t\t\t\t\t\t\t\t\t<p>Este curso integral te ofrece las herramientas y conocimientos necesarios para el manejo seguro y efectivo de plaguicidas en la agricultura. Ideal para agricultores, t\u00e9cnicos agr\u00edcolas y cualquier persona interesada en la agricultura sostenible.<\/p>\t\t\t\t\t\t\t\t<\/div>\n\t\t\t\t<\/div>\n\t\t\t\t\t<\/div>\n\t\t\t\t<\/div>\n\t\t<div class=\"elementor-element elementor-element-ead2d51 e-flex e-con-boxed e-con e-parent\" data-id=\"ead2d51\" data-element_type=\"container\" data-e-type=\"container\">\n\t\t\t\t\t<div class=\"e-con-inner\">\n\t\t\t\t<div class=\"elementor-element elementor-element-13a9b25 elementor-widget elementor-widget-heading\" data-id=\"13a9b25\" data-element_type=\"widget\" data-e-type=\"widget\" data-widget_type=\"heading.default\">\n\t\t\t\t<div class=\"elementor-widget-container\">\n\t\t\t\t\t<h2 class=\"elementor-heading-title elementor-size-default\">Lista de temas del curso<\/h2>\t\t\t\t<\/div>\n\t\t\t\t<\/div>\n\t\t\t\t<div class=\"elementor-element elementor-element-1159a63 elementor-widget elementor-widget-text-editor\" data-id=\"1159a63\" data-element_type=\"widget\" data-e-type=\"widget\" data-widget_type=\"text-editor.default\">\n\t\t\t\t<div class=\"elementor-widget-container\">\n\t\t\t\t\t\t\t\t\t<p>Conceptos en Buen Uso y Manejo de Plaguicidas<br>Clasificaci\u00f3n de los plaguicidas<br>Identificaci\u00f3n del contenido en la etiqueta de los plaguicidas<br>Recomendaciones para comprar un plaguicida<br>Seguridad y regulaci\u00f3n de almacenes de plaguicidas<br>Recomendaciones previas a la aplicaci\u00f3n de plaguicidas<br>Calibraci\u00f3n de equipos de aplicaci\u00f3n de plaguicidas<br>Recomendaciones durante la aplicaci\u00f3n de plaguicidas<br>Recomendaciones para despu\u00e9s de la aplicaci\u00f3n de plaguicidas<\/p>\t\t\t\t\t\t\t\t<\/div>\n\t\t\t\t<\/div>\n\t\t\t\t\t<\/div>\n\t\t\t\t<\/div>\n\t\t<div class=\"elementor-element elementor-element-c900de1 e-flex e-con-boxed e-con e-parent\" data-id=\"c900de1\" data-element_type=\"container\" data-e-type=\"container\">\n\t\t\t\t\t<div class=\"e-con-inner\">\n\t\t\t\t<div class=\"elementor-element elementor-element-136485d elementor-widget elementor-widget-heading\" data-id=\"136485d\" data-element_type=\"widget\" data-e-type=\"widget\" data-widget_type=\"heading.default\">\n\t\t\t\t<div class=\"elementor-widget-container\">\n\t\t\t\t\t<h2 class=\"elementor-heading-title elementor-size-default\">Beneficios del curso<\/h2>\t\t\t\t<\/div>\n\t\t\t\t<\/div>\n\t\t\t\t<div class=\"elementor-element elementor-element-09f01e1 elementor-widget elementor-widget-text-editor\" data-id=\"09f01e1\" data-element_type=\"widget\" data-e-type=\"widget\" data-widget_type=\"text-editor.default\">\n\t\t\t\t<div class=\"elementor-widget-container\">\n\t\t\t\t\t\t\t\t\t<p>Obtener la confianza de manejar y recomendar los plaguicidas eficazmente y con seguridad<br><br>Podr\u00e1s obtener una constancia de participaci\u00f3n al concluir el curso, una vez que superes las evaluaciones con una calificaci\u00f3n m\u00ednima de 80\/100 y hacer el pago correspondiente<\/p>\t\t\t\t\t\t\t\t<\/div>\n\t\t\t\t<\/div>\n\t\t\t\t\t<\/div>\n\t\t\t\t<\/div>\n\t\t<div class=\"elementor-element elementor-element-7dae9b6 e-flex e-con-boxed e-con e-parent\" data-id=\"7dae9b6\" data-element_type=\"container\" data-e-type=\"container\">\n\t\t\t\t\t<div class=\"e-con-inner\">\n\t\t\t\t<div class=\"elementor-element elementor-element-0e7e394 elementor-widget elementor-widget-heading\" data-id=\"0e7e394\" data-element_type=\"widget\" data-e-type=\"widget\" data-widget_type=\"heading.default\">\n\t\t\t\t<div class=\"elementor-widget-container\">\n\t\t\t\t\t<h2 class=\"elementor-heading-title elementor-size-default\">Sin costo<\/h2>\t\t\t\t<\/div>\n\t\t\t\t<\/div>\n\t\t\t\t<div class=\"elementor-element elementor-element-74bf661 elementor-align-center elementor-widget elementor-widget-button\" data-id=\"74bf661\" data-element_type=\"widget\" data-e-type=\"widget\" data-widget_type=\"button.default\">\n\t\t\t\t<div class=\"elementor-widget-container\">\n\t\t\t\t\t\t\t\t\t<div class=\"elementor-button-wrapper\">\n\t\t\t\t\t<a class=\"elementor-button elementor-button-link elementor-size-sm\" href=\"https:\/\/ejecutips.com\/academia\/course\/view.php?id=4\" target=\"_blank\">\n\t\t\t\t\t\t<span class=\"elementor-button-content-wrapper\">\n\t\t\t\t\t\t\t\t\t<span class=\"elementor-button-text\">Inscr\u00edbete ahora<\/span>\n\t\t\t\t\t<\/span>\n\t\t\t\t\t<\/a>\n\t\t\t\t<\/div>\n\t\t\t\t\t\t\t\t<\/div>\n\t\t\t\t<\/div>\n\t\t\t\t<div class=\"elementor-element elementor-element-07fa67c elementor-widget elementor-widget-heading\" data-id=\"07fa67c\" data-element_type=\"widget\" data-e-type=\"widget\" data-widget_type=\"heading.default\">\n\t\t\t\t<div class=\"elementor-widget-container\">\n\t\t\t\t\t<h2 class=\"elementor-heading-title elementor-size-default\">Contacto<\/h2>\t\t\t\t<\/div>\n\t\t\t\t<\/div>\n\t\t\t\t<div class=\"elementor-element elementor-element-150a53b elementor-view-default elementor-widget elementor-widget-icon\" data-id=\"150a53b\" data-element_type=\"widget\" data-e-type=\"widget\" data-widget_type=\"icon.default\">\n\t\t\t\t<div class=\"elementor-widget-container\">\n\t\t\t\t\t\t\t<div class=\"elementor-icon-wrapper\">\n\t\t\t<a class=\"elementor-icon\" href=\"https:\/\/api.whatsapp.com\/send?phone=5554558602\" target=\"_blank\">\n\t\t\t<svg aria-hidden=\"true\" class=\"e-font-icon-svg e-fab-whatsapp\" viewBox=\"0 0 448 512\" xmlns=\"http:\/\/www.w3.org\/2000\/svg\"><path d=\"M380.9 97.1C339 55.1 283.2 32 223.9 32c-122.4 0-222 99.6-222 222 0 39.1 10.2 77.3 29.6 111L0 480l117.7-30.9c32.4 17.7 68.9 27 106.1 27h.1c122.3 0 224.1-99.6 224.1-222 0-59.3-25.2-115-67.1-157zm-157 341.6c-33.2 0-65.7-8.9-94-25.7l-6.7-4-69.8 18.3L72 359.2l-4.4-7c-18.5-29.4-28.2-63.3-28.2-98.2 0-101.7 82.8-184.5 184.6-184.5 49.3 0 95.6 19.2 130.4 54.1 34.8 34.9 56.2 81.2 56.1 130.5 0 101.8-84.9 184.6-186.6 184.6zm101.2-138.2c-5.5-2.8-32.8-16.2-37.9-18-5.1-1.9-8.8-2.8-12.5 2.8-3.7 5.6-14.3 18-17.6 21.8-3.2 3.7-6.5 4.2-12 1.4-32.6-16.3-54-29.1-75.5-66-5.7-9.8 5.7-9.1 16.3-30.3 1.8-3.7.9-6.9-.5-9.7-1.4-2.8-12.5-30.1-17.1-41.2-4.5-10.8-9.1-9.3-12.5-9.5-3.2-.2-6.9-.2-10.6-.2-3.7 0-9.7 1.4-14.8 6.9-5.1 5.6-19.4 19-19.4 46.3 0 27.3 19.9 53.7 22.6 57.4 2.8 3.7 39.1 59.7 94.8 83.8 35.2 15.2 49 16.5 66.6 13.9 10.7-1.6 32.8-13.4 37.4-26.4 4.6-13 4.6-24.1 3.2-26.4-1.3-2.5-5-3.9-10.5-6.6z\"><\/path><\/svg>\t\t\t<\/a>\n\t\t<\/div>\n\t\t\t\t\t\t<\/div>\n\t\t\t\t<\/div>\n\t\t\t\t\t<\/div>\n\t\t\t\t<\/div>\n\t\t<div class=\"elementor-element elementor-element-fa27d64 e-flex e-con-boxed e-con e-parent\" data-id=\"fa27d64\" data-element_type=\"container\" data-e-type=\"container\">\n\t\t\t\t\t<div class=\"e-con-inner\">\n\t\t\t\t<div class=\"elementor-element elementor-element-bba7a01 elementor-view-default elementor-widget elementor-widget-icon\" data-id=\"bba7a01\" data-element_type=\"widget\" data-e-type=\"widget\" data-widget_type=\"icon.default\">\n\t\t\t\t<div class=\"elementor-widget-container\">\n\t\t\t\t\t\t\t<div class=\"elementor-icon-wrapper\">\n\t\t\t<a class=\"elementor-icon\" href=\"mailto:capacitacion@ejecutips.com\" target=\"_blank\">\n\t\t\t<svg aria-hidden=\"true\" class=\"e-font-icon-svg e-fas-mail-bulk\" viewBox=\"0 0 576 512\" xmlns=\"http:\/\/www.w3.org\/2000\/svg\"><path d=\"M160 448c-25.6 0-51.2-22.4-64-32-64-44.8-83.2-60.8-96-70.4V480c0 17.67 14.33 32 32 32h256c17.67 0 32-14.33 32-32V345.6c-12.8 9.6-32 25.6-96 70.4-12.8 9.6-38.4 32-64 32zm128-192H32c-17.67 0-32 14.33-32 32v16c25.6 19.2 22.4 19.2 115.2 86.4 9.6 6.4 28.8 25.6 44.8 25.6s35.2-19.2 44.8-22.4c92.8-67.2 89.6-67.2 115.2-86.4V288c0-17.67-14.33-32-32-32zm256-96H224c-17.67 0-32 14.33-32 32v32h96c33.21 0 60.59 25.42 63.71 57.82l.29-.22V416h192c17.67 0 32-14.33 32-32V192c0-17.67-14.33-32-32-32zm-32 128h-64v-64h64v64zm-352-96c0-35.29 28.71-64 64-64h224V32c0-17.67-14.33-32-32-32H96C78.33 0 64 14.33 64 32v192h96v-32z\"><\/path><\/svg>\t\t\t<\/a>\n\t\t<\/div>\n\t\t\t\t\t\t<\/div>\n\t\t\t\t<\/div>\n\t\t\t\t\t<\/div>\n\t\t\t\t<\/div>\n\t\t<div class=\"elementor-element elementor-element-11e5376 e-flex e-con-boxed e-con e-parent\" data-id=\"11e5376\" data-element_type=\"container\" data-e-type=\"container\">\n\t\t\t\t\t<div class=\"e-con-inner\">\n\t\t\t\t<div class=\"elementor-element elementor-element-cbe8b17 elementor-widget elementor-widget-heading\" data-id=\"cbe8b17\" data-element_type=\"widget\" data-e-type=\"widget\" data-widget_type=\"heading.default\">\n\t\t\t\t<div class=\"elementor-widget-container\">\n\t\t\t\t\t<h2 class=\"elementor-heading-title elementor-size-default\">Preguntas frecuentes<\/h2>\t\t\t\t<\/div>\n\t\t\t\t<\/div>\n\t\t\t\t<div class=\"elementor-element elementor-element-eb00409 elementor-widget elementor-widget-text-editor\" data-id=\"eb00409\" data-element_type=\"widget\" data-e-type=\"widget\" data-widget_type=\"text-editor.default\">\n\t\t\t\t<div class=\"elementor-widget-container\">\n\t\t\t\t\t\t\t\t\t<p><b>1. \u00bfC\u00f3mo me inscribo en el curso?<\/b><\/p>\n<p>Para inscribirte en el curso crea una cuenta en nuestra plataforma Academia EJECUTIPS haciendo <b><a href=\"https:\/\/ejecutips.com\/academia\/login\/signup.php\">click aqu\u00ed,<\/a><\/b> una vez que hayas creado tu cuenta ingresa a la plataforma con tu usuario y contrase\u00f1a selecciona el curso y despu\u00e9s haz click en Inscribirme.<\/p>\n<p><b>2. No puedo crear mi cuenta en la plataforma, \u00bfC\u00f3mo me inscribo al curso?.<\/b><\/p>\n<p>En este caso env\u00edanos tu nombre completo y correcto, ya que ser\u00e1 el que se estampe en tus constancias de participaci\u00f3n y un correo electr\u00f3nico por medio de whatsApp o al correo electr\u00f3nico capacitacion@ejecutips.com y nostros te enviaremos tu usuario y contrase\u00f1a y te inscribiremos al curso<\/p>\n<p><b>3. \u00bfCu\u00e1ndo inicia el curso?<\/b><br><br>El curso es en l\u00ednea y est\u00e1 disponible para cursarse inmediatamente<\/p><p><b>4. \u00bfSe expide constancia de participaci\u00f3n?<\/b><br><br>Si se expide constancia de participaci\u00f3n<\/p>\n<p><\/p>\t\t\t\t\t\t\t\t<\/div>\n\t\t\t\t<\/div>\n\t\t\t\t\t<\/div>\n\t\t\t\t<\/div>\n\t\t<div class=\"elementor-element elementor-element-11708ec e-flex e-con-boxed e-con e-parent\" data-id=\"11708ec\" data-element_type=\"container\" data-e-type=\"container\">\n\t\t\t\t\t<div class=\"e-con-inner\">\n\t\t\t\t\t<\/div>\n\t\t\t\t<\/div>\n\t\t<div class=\"elementor-element elementor-element-646075f e-flex e-con-boxed e-con e-parent\" data-id=\"646075f\" data-element_type=\"container\" data-e-type=\"container\">\n\t\t\t\t\t<div class=\"e-con-inner\">\n\t\t\t\t\t<\/div>\n\t\t\t\t<\/div>\n\t\t\t\t<\/div>\n\t\t","protected":false},"excerpt":{"rendered":"<p>Curso de Buen Uso y Manejo de Plaguicidas Inscr\u00edbete ahora Sin costo Aprende con expertos, asegura la seguridad y eficacia en tu campo y en las recomendaciones al [&hellip;]<\/p>\n","protected":false},"author":1,"featured_media":0,"parent":0,"menu_order":0,"comment_status":"closed","ping_status":"closed","template":"","meta":{"nf_dc_page":"","om_disable_all_campaigns":false,"footnotes":""},"class_list":["post-76","page","type-page","status-publish","hentry"],"yoast_head":"<!-- This site is optimized with the Yoast SEO plugin v27.4 - https:\/\/yoast.com\/product\/yoast-seo-wordpress\/ -->\n<title>Domina el Buen Uso y Manejo de Plaguicidas de Uso Agr\u00edcola - Blog<\/title>\n<meta name=\"robots\" content=\"index, follow, max-snippet:-1, max-image-preview:large, max-video-preview:-1\" \/>\n<link rel=\"canonical\" href=\"https:\/\/ejecutips.com\/blog\/domina-el-buen-uso-y-manejo-de-plaguicidas-de-uso-agricola\/\" \/>\n<meta property=\"og:locale\" content=\"es_ES\" \/>\n<meta property=\"og:type\" content=\"article\" \/>\n<meta property=\"og:title\" content=\"Domina el Buen Uso y Manejo de Plaguicidas de Uso Agr\u00edcola - Blog\" \/>\n<meta property=\"og:description\" content=\"Curso de Buen Uso y Manejo de Plaguicidas Inscr\u00edbete ahora Sin costo Aprende con expertos, asegura la seguridad y eficacia en tu campo y en las recomendaciones al [&hellip;]\" \/>\n<meta property=\"og:url\" content=\"https:\/\/ejecutips.com\/blog\/domina-el-buen-uso-y-manejo-de-plaguicidas-de-uso-agricola\/\" \/>\n<meta property=\"og:site_name\" content=\"Blog\" \/>\n<meta property=\"article:modified_time\" content=\"2024-01-16T20:08:00+00:00\" \/>\n<meta property=\"og:image\" content=\"https:\/\/ejecutips.com\/blog\/wp-content\/uploads\/2024\/01\/Porque-aprender-BUMP-1024x576.png\" \/>\n<meta name=\"twitter:card\" content=\"summary_large_image\" \/>\n<meta name=\"twitter:label1\" content=\"Tiempo de lectura\" \/>\n\t<meta name=\"twitter:data1\" content=\"2 minutos\" \/>\n<script type=\"application\/ld+json\" class=\"yoast-schema-graph\">{\"@context\":\"https:\\\/\\\/schema.org\",\"@graph\":[{\"@type\":\"WebPage\",\"@id\":\"https:\\\/\\\/ejecutips.com\\\/blog\\\/domina-el-buen-uso-y-manejo-de-plaguicidas-de-uso-agricola\\\/\",\"url\":\"https:\\\/\\\/ejecutips.com\\\/blog\\\/domina-el-buen-uso-y-manejo-de-plaguicidas-de-uso-agricola\\\/\",\"name\":\"Domina el Buen Uso y Manejo de Plaguicidas de Uso Agr\u00edcola - Blog\",\"isPartOf\":{\"@id\":\"https:\\\/\\\/ejecutips.com\\\/blog\\\/#website\"},\"primaryImageOfPage\":{\"@id\":\"https:\\\/\\\/ejecutips.com\\\/blog\\\/domina-el-buen-uso-y-manejo-de-plaguicidas-de-uso-agricola\\\/#primaryimage\"},\"image\":{\"@id\":\"https:\\\/\\\/ejecutips.com\\\/blog\\\/domina-el-buen-uso-y-manejo-de-plaguicidas-de-uso-agricola\\\/#primaryimage\"},\"thumbnailUrl\":\"https:\\\/\\\/ejecutips.com\\\/blog\\\/wp-content\\\/uploads\\\/2024\\\/01\\\/Porque-aprender-BUMP-1024x576.png\",\"datePublished\":\"2024-01-05T21:26:36+00:00\",\"dateModified\":\"2024-01-16T20:08:00+00:00\",\"breadcrumb\":{\"@id\":\"https:\\\/\\\/ejecutips.com\\\/blog\\\/domina-el-buen-uso-y-manejo-de-plaguicidas-de-uso-agricola\\\/#breadcrumb\"},\"inLanguage\":\"es\",\"potentialAction\":[{\"@type\":\"ReadAction\",\"target\":[\"https:\\\/\\\/ejecutips.com\\\/blog\\\/domina-el-buen-uso-y-manejo-de-plaguicidas-de-uso-agricola\\\/\"]}]},{\"@type\":\"ImageObject\",\"inLanguage\":\"es\",\"@id\":\"https:\\\/\\\/ejecutips.com\\\/blog\\\/domina-el-buen-uso-y-manejo-de-plaguicidas-de-uso-agricola\\\/#primaryimage\",\"url\":\"https:\\\/\\\/i0.wp.com\\\/ejecutips.com\\\/blog\\\/wp-content\\\/uploads\\\/2024\\\/01\\\/Porque-aprender-BUMP.png?fit=1920%2C1080&ssl=1\",\"contentUrl\":\"https:\\\/\\\/i0.wp.com\\\/ejecutips.com\\\/blog\\\/wp-content\\\/uploads\\\/2024\\\/01\\\/Porque-aprender-BUMP.png?fit=1920%2C1080&ssl=1\",\"width\":1920,\"height\":1080},{\"@type\":\"BreadcrumbList\",\"@id\":\"https:\\\/\\\/ejecutips.com\\\/blog\\\/domina-el-buen-uso-y-manejo-de-plaguicidas-de-uso-agricola\\\/#breadcrumb\",\"itemListElement\":[{\"@type\":\"ListItem\",\"position\":1,\"name\":\"Home\",\"item\":\"https:\\\/\\\/ejecutips.com\\\/blog\\\/\"},{\"@type\":\"ListItem\",\"position\":2,\"name\":\"Domina el Buen Uso y Manejo de Plaguicidas de Uso Agr\u00edcola\"}]},{\"@type\":\"WebSite\",\"@id\":\"https:\\\/\\\/ejecutips.com\\\/blog\\\/#website\",\"url\":\"https:\\\/\\\/ejecutips.com\\\/blog\\\/\",\"name\":\"Blog\",\"description\":\"Blog EJECUTIPS\",\"publisher\":{\"@id\":\"https:\\\/\\\/ejecutips.com\\\/blog\\\/#organization\"},\"potentialAction\":[{\"@type\":\"SearchAction\",\"target\":{\"@type\":\"EntryPoint\",\"urlTemplate\":\"https:\\\/\\\/ejecutips.com\\\/blog\\\/?s={search_term_string}\"},\"query-input\":{\"@type\":\"PropertyValueSpecification\",\"valueRequired\":true,\"valueName\":\"search_term_string\"}}],\"inLanguage\":\"es\"},{\"@type\":\"Organization\",\"@id\":\"https:\\\/\\\/ejecutips.com\\\/blog\\\/#organization\",\"name\":\"Blog\",\"url\":\"https:\\\/\\\/ejecutips.com\\\/blog\\\/\",\"logo\":{\"@type\":\"ImageObject\",\"inLanguage\":\"es\",\"@id\":\"https:\\\/\\\/ejecutips.com\\\/blog\\\/#\\\/schema\\\/logo\\\/image\\\/\",\"url\":\"https:\\\/\\\/i0.wp.com\\\/ejecutips.com\\\/blog\\\/wp-content\\\/uploads\\\/2023\\\/10\\\/cropped-Logo_EJECUTIPS_300-1.png?fit=301%2C74&ssl=1\",\"contentUrl\":\"https:\\\/\\\/i0.wp.com\\\/ejecutips.com\\\/blog\\\/wp-content\\\/uploads\\\/2023\\\/10\\\/cropped-Logo_EJECUTIPS_300-1.png?fit=301%2C74&ssl=1\",\"width\":301,\"height\":74,\"caption\":\"Blog\"},\"image\":{\"@id\":\"https:\\\/\\\/ejecutips.com\\\/blog\\\/#\\\/schema\\\/logo\\\/image\\\/\"}}]}<\/script>\n<!-- \/ Yoast SEO plugin. -->","yoast_head_json":{"title":"Domina el Buen Uso y Manejo de Plaguicidas de Uso Agr\u00edcola - Blog","robots":{"index":"index","follow":"follow","max-snippet":"max-snippet:-1","max-image-preview":"max-image-preview:large","max-video-preview":"max-video-preview:-1"},"canonical":"https:\/\/ejecutips.com\/blog\/domina-el-buen-uso-y-manejo-de-plaguicidas-de-uso-agricola\/","og_locale":"es_ES","og_type":"article","og_title":"Domina el Buen Uso y Manejo de Plaguicidas de Uso Agr\u00edcola - Blog","og_description":"Curso de Buen Uso y Manejo de Plaguicidas Inscr\u00edbete ahora Sin costo Aprende con expertos, asegura la seguridad y eficacia en tu campo y en las recomendaciones al [&hellip;]","og_url":"https:\/\/ejecutips.com\/blog\/domina-el-buen-uso-y-manejo-de-plaguicidas-de-uso-agricola\/","og_site_name":"Blog","article_modified_time":"2024-01-16T20:08:00+00:00","og_image":[{"url":"https:\/\/ejecutips.com\/blog\/wp-content\/uploads\/2024\/01\/Porque-aprender-BUMP-1024x576.png","type":"","width":"","height":""}],"twitter_card":"summary_large_image","twitter_misc":{"Tiempo de lectura":"2 minutos"},"schema":{"@context":"https:\/\/schema.org","@graph":[{"@type":"WebPage","@id":"https:\/\/ejecutips.com\/blog\/domina-el-buen-uso-y-manejo-de-plaguicidas-de-uso-agricola\/","url":"https:\/\/ejecutips.com\/blog\/domina-el-buen-uso-y-manejo-de-plaguicidas-de-uso-agricola\/","name":"Domina el Buen Uso y Manejo de Plaguicidas de Uso Agr\u00edcola - Blog","isPartOf":{"@id":"https:\/\/ejecutips.com\/blog\/#website"},"primaryImageOfPage":{"@id":"https:\/\/ejecutips.com\/blog\/domina-el-buen-uso-y-manejo-de-plaguicidas-de-uso-agricola\/#primaryimage"},"image":{"@id":"https:\/\/ejecutips.com\/blog\/domina-el-buen-uso-y-manejo-de-plaguicidas-de-uso-agricola\/#primaryimage"},"thumbnailUrl":"https:\/\/ejecutips.com\/blog\/wp-content\/uploads\/2024\/01\/Porque-aprender-BUMP-1024x576.png","datePublished":"2024-01-05T21:26:36+00:00","dateModified":"2024-01-16T20:08:00+00:00","breadcrumb":{"@id":"https:\/\/ejecutips.com\/blog\/domina-el-buen-uso-y-manejo-de-plaguicidas-de-uso-agricola\/#breadcrumb"},"inLanguage":"es","potentialAction":[{"@type":"ReadAction","target":["https:\/\/ejecutips.com\/blog\/domina-el-buen-uso-y-manejo-de-plaguicidas-de-uso-agricola\/"]}]},{"@type":"ImageObject","inLanguage":"es","@id":"https:\/\/ejecutips.com\/blog\/domina-el-buen-uso-y-manejo-de-plaguicidas-de-uso-agricola\/#primaryimage","url":"https:\/\/i0.wp.com\/ejecutips.com\/blog\/wp-content\/uploads\/2024\/01\/Porque-aprender-BUMP.png?fit=1920%2C1080&ssl=1","contentUrl":"https:\/\/i0.wp.com\/ejecutips.com\/blog\/wp-content\/uploads\/2024\/01\/Porque-aprender-BUMP.png?fit=1920%2C1080&ssl=1","width":1920,"height":1080},{"@type":"BreadcrumbList","@id":"https:\/\/ejecutips.com\/blog\/domina-el-buen-uso-y-manejo-de-plaguicidas-de-uso-agricola\/#breadcrumb","itemListElement":[{"@type":"ListItem","position":1,"name":"Home","item":"https:\/\/ejecutips.com\/blog\/"},{"@type":"ListItem","position":2,"name":"Domina el Buen Uso y Manejo de Plaguicidas de Uso Agr\u00edcola"}]},{"@type":"WebSite","@id":"https:\/\/ejecutips.com\/blog\/#website","url":"https:\/\/ejecutips.com\/blog\/","name":"Blog","description":"Blog EJECUTIPS","publisher":{"@id":"https:\/\/ejecutips.com\/blog\/#organization"},"potentialAction":[{"@type":"SearchAction","target":{"@type":"EntryPoint","urlTemplate":"https:\/\/ejecutips.com\/blog\/?s={search_term_string}"},"query-input":{"@type":"PropertyValueSpecification","valueRequired":true,"valueName":"search_term_string"}}],"inLanguage":"es"},{"@type":"Organization","@id":"https:\/\/ejecutips.com\/blog\/#organization","name":"Blog","url":"https:\/\/ejecutips.com\/blog\/","logo":{"@type":"ImageObject","inLanguage":"es","@id":"https:\/\/ejecutips.com\/blog\/#\/schema\/logo\/image\/","url":"https:\/\/i0.wp.com\/ejecutips.com\/blog\/wp-content\/uploads\/2023\/10\/cropped-Logo_EJECUTIPS_300-1.png?fit=301%2C74&ssl=1","contentUrl":"https:\/\/i0.wp.com\/ejecutips.com\/blog\/wp-content\/uploads\/2023\/10\/cropped-Logo_EJECUTIPS_300-1.png?fit=301%2C74&ssl=1","width":301,"height":74,"caption":"Blog"},"image":{"@id":"https:\/\/ejecutips.com\/blog\/#\/schema\/logo\/image\/"}}]}},"jetpack_sharing_enabled":true,"_links":{"self":[{"href":"https:\/\/ejecutips.com\/blog\/wp-json\/wp\/v2\/pages\/76","targetHints":{"allow":["GET"]}}],"collection":[{"href":"https:\/\/ejecutips.com\/blog\/wp-json\/wp\/v2\/pages"}],"about":[{"href":"https:\/\/ejecutips.com\/blog\/wp-json\/wp\/v2\/types\/page"}],"author":[{"embeddable":true,"href":"https:\/\/ejecutips.com\/blog\/wp-json\/wp\/v2\/users\/1"}],"replies":[{"embeddable":true,"href":"https:\/\/ejecutips.com\/blog\/wp-json\/wp\/v2\/comments?post=76"}],"version-history":[{"count":5,"href":"https:\/\/ejecutips.com\/blog\/wp-json\/wp\/v2\/pages\/76\/revisions"}],"predecessor-version":[{"id":103,"href":"https:\/\/ejecutips.com\/blog\/wp-json\/wp\/v2\/pages\/76\/revisions\/103"}],"wp:attachment":[{"href":"https:\/\/ejecutips.com\/blog\/wp-json\/wp\/v2\/media?parent=76"}],"curies":[{"name":"wp","href":"https:\/\/api.w.org\/{rel}","templated":true}]}}